
2, 5
Suppose 121 = 12*g - 203. What are the prime factors of g?
3
Let y(f) = f + 0*f + 4*f**2 - 9*f + 4 - 13*f**2 - f**3. Let q(n) = -n**2 - 2*n. Let t be q(2). What are the prime factors of y(t)?
2
Let o be -4*((-39)/(-12) - 0). Let k = o + 18. What are the prime factors of k?
5
Let o = -99 - -159. What are the prime factors of o?
2, 3, 5
Let t(p) = -5*p**3 + 5*p**2 - p + 6. Let l = 9 + -20. Let v(h) = -11*h**3 + 9*h**2 - 2*h + 11. Let u(a) = l*t(a) + 6*v(a). List the prime factors of u(-1).
11
Let s be (-3)/(-1) - 1 - 0. Suppose 25 = s*m + 3*m. What are the prime factors of m?
5
Suppose 8*p = 11*p - 369. List the prime factors of (2 + 1)*p/9.
41
Suppose 49 = 4*y - 91. What are the prime factors of y?
5, 7
Suppose 65 + 56 = u. List the prime factors of u.
11
Let l = 7 - 21. List the prime factors of 4/l - (-148)/28.
5
Suppose 2*a + 20 = 7*a. Suppose 3 = 5*l - 7. Suppose a*n - 38 = -l*b - 0*b, -5*n = b - 55. What are the prime factors of n?
2, 3
Suppose -4*n + 2*n + 4*h + 256 = 0, n = 4*h + 126. List the prime factors of n.
2, 5, 13
Let j = 23 - 18. Suppose 223 + 37 = j*f. What are the prime factors of f?
2, 13
Let v = 177 + -95. What are the prime factors of v?
2, 41
Suppose -d + 0*d = 4*i - 57, 5*d + 60 = 3*i. List the prime factors of i.
3, 5
Suppose 82 = w + 13. List the prime factors of w.
3, 23
Let h(n) = n**2 - 10*n + 11. Let x be h(9). Suppose 2*y = -x*y + 12. List the prime factors of y.
3
Let v(u) be the second derivative of -u**4/12 + u**3/2 - 3*u**2/2 - 3*u. Let c(a) be the first derivative of v(a). What are the prime factors of c(-5)?
13
Let g be 2 - (-3 + 4) - -2. Let c = g + 0. List the prime factors of c.
3
Suppose -6 = -i - 21. Let c be (8/(-6))/(2/i). Suppose d + 0*d - c = 0. List the prime factors of d.
2, 5
Let a = 6 + -8. Let j = 9 + a. List the prime factors of j.
7
Let c(a) = -a**3 - 4*a**2 + 2*a. Let j be c(-5). Suppose -f + j = 4*f. List the prime factors of f.
3
Let m(t) = -7*t**3 - t. Let l be m(-1). Suppose -l = -2*k - 0. Let u = k - 1. What are the prime factors of u?
3
Let r = 166 - 45. Let b be (-2)/7 + r/7. Suppose 0*f + f + 2*l - b = 0, 5*f + l = 49. What are the prime factors of f?
3
Let m = 4 + -2. Suppose m*d + 7 = 3*d. List the prime factors of d.
7
Suppose n - 1 = -r - 0*r, -3*r + 1 = 5*n. Suppose v - 2 = r. List the prime factors of v/12 - 20/(-3).
7
Let s = 26 - 23. Let r(g) = g**3 - g + 2. What are the prime factors of r(s)?
2, 13
Let n(l) = l**3 + 16*l**2 + 10*l - 19. What are the prime factors of n(-15)?
2, 7
Suppose -2 = -z + 5. Let s = 13 - z. What are the prime factors of s?
2, 3
Let i(p) = 3*p - 24. Suppose -4*g - 10 = -3*x - 31, -4*x - 24 = -4*g. Let d(l) = l - 8. Let z(m) = x*i(m) + 8*d(m). What are the prime factors of z(-6)?
2, 7
Let f = 157 - -135. What are the prime factors of f?
2, 73
Suppose 310 - 110 = 8*a. What are the prime factors of a?
5
Let s = 198 + -105. List the prime factors of s.
3, 31
Let g(d) = -d**2 + 7*d - 4. Let k be g(7). Let w be (10/(-6))/(k/(-12)). Let p = w + 10. What are the prime factors of p?
5
Suppose -7*l + 10*l - 300 = 0. Suppose -5*m - 28 = -q - m, 4*m - l = -3*q. What are the prime factors of q?
2
Let g(c) be the first derivative of c**2 - 1. Let w be g(1). Suppose -w*s - 17 + 43 = 0. What are the prime factors of s?
13
What are the prime factors of 1616/26 + (20/65)/(-2)?
2, 31
Let c(l) = -l**2 + 2*l. Let s be c(2). Let v = s - -1. List the prime factors of 3/((-3)/(-10))*v.
2, 5
Suppose 2*r = -8, 0*r + 12 = 2*s - r. List the prime factors of (-620)/(-36) - s/18.
17
Let q(o) = 3*o - 9. What are the prime factors of q(8)?
3, 5
Suppose 2*g - 198 = 3*g. What are the prime factors of g/(-4)*(-30)/(-45)?
3, 11
Let q = 86 - 16. What are the prime factors of ((-18)/(-15))/(4/q)?
3, 7
Let o be 8/(-2)*(-243)/12. Let g = o + -39. What are the prime factors of g?
2, 3, 7
Let l(c) = c**2 - 4*c - 2. Let w be l(5). Let y be 30/9 - 1/w. Let n(z) = z**2 - 3. What are the prime factors of n(y)?
2, 3
Let d(l) = l**3 + 5*l**2 + 3*l - 1. Let o be d(-4). Suppose -2*x - 54 = -5*b, -x = 5*b + o*x - 42. What are the prime factors of b + (-5 - -1)/2?
2
Let d be 40/4*2/4. Suppose -81 = -4*f + 2*f - d*o, 0 = -5*f - 5*o + 195. Let m = f + -23. List the prime factors of m.
3, 5
Let d = -46 + 94. What are the prime factors of d?
2, 3
Let s = -30 + 56. List the prime factors of s.
2, 13
Let t be (-1 + (-1)/(-1))/(-2). Suppose t*m - m = -9. What are the prime factors of m?
3
Suppose -382 = -71*p + 70*p. What are the prime factors of p?
2, 191
Suppose -6*y = 8 - 512. What are the prime factors of y?
2, 3, 7
Let i be ((-2)/2)/((-3)/93). Suppose -2*j = l - 5, -2*l - i = -4*j + 3*l. Suppose j*m + 3 = 39. List the prime factors of m.
3
Let l(f) = 4*f**2 - 2*f - 3. Let h(v) = -3*v + 9. Let w(g) = -8*g + 26. Let t(u) = 11*h(u) - 4*w(u). Let c be t(-3). List the prime factors of l(c).
17
Let w(b) = -2*b - 3. Let v be w(3). Let k = 54 + v. Suppose y = -4*y + k. What are the prime factors of y?
3
Suppose -2*n + 197 = 5*w - 12, 5*n = 3*w - 144. What are the prime factors of w?
43
What are the prime factors of 18/18 - (0/(-1) + -77)?
2, 3, 13
Suppose 0 = -3*w + 14 - 2. What are the prime factors of 5 + (-3 - 0) + w?
2, 3
Let f = 9 - 7. Suppose 4*q - f*q = 96. List the prime factors of q.
2, 3
Let g(x) = -28*x + 1. Let y be g(-1). Let p be (7 - -3)/(7/14). Let c = y - p. List the prime factors of c.
3
Let g = 216 - 61. Suppose -g = -5*l - 0*l. What are the prime factors of l?
31
Let x(f) = f**2 + 13. Suppose -3 = 4*w - p - 7, -4*w = -2*p - 8. What are the prime factors of x(w)?
13
Suppose 3*l - 100 = 17. List the prime factors of l.
3, 13
Suppose -8*d + 221 = 21. List the prime factors of d.
5
Let k = -32 - -49. Suppose 1 + 2 = 3*r - 3*o, -r = o + 3. Let i = r + k. What are the prime factors of i?
2
Let z = 25 + -13. What are the prime factors of z?
2, 3
Let y = 23 - 14. List the prime factors of y.
3
Suppose 0*n - 18 = -n. Suppose 4*h - 58 = -n. What are the prime factors of h?
2, 5
Suppose -t - 2*k = -2, -4*t - k = -5*k + 4. Suppose 4*z - 12 = 0, 2*j + t*z + 2 = -4*z. Let s = j + 17. What are the prime factors of s?
2, 5
What are the prime factors of ((-9)/18)/((-1)/30)?
3, 5
Let u(m) be the third derivative of -m**6/60 - m**5/15 - m**3/3 + m**2. What are the prime factors of u(-3)?
2
Let h = -207 - -364. Suppose 3*v = 3*f - h - 29, -5*f - 2*v + 282 = 0. List the prime factors of f.
2, 29
Let s(n) = -12*n - 3. Let f(q) = -11*q - 3. Let l(u) = -3*f(u) + 4*s(u). What are the prime factors of l(-2)?
3
Let z(w) = w**3 - w**2 - 4*w + 3. Suppose -5*h = -2*r - 19, -r + h = 1 + 1. List the prime factors of z(r).
3
Suppose -4 = 3*y - 4*y. Let g(k) = -k**3 + 2*k**2 + 2*k - 2. Let x be g(2). Suppose t + 3*p - y = -3*t, x*t = -5*p - 12. List the prime factors of t.
2
Let g = -36 + 80. Suppose -5*k = -229 + g. List the prime factors of k.
37
Suppose -22 - 263 = -5*k. Suppose 4*d = -b + k, d + 2*b - 24 = -d. List the prime factors of d.
3, 5
List the prime factors of 3 - -2*8 - 4.
3, 5
Let f = -8 + 8. Suppose 3*w - 2*r - 164 = 0, f = -0*w - 3*w + 4*r + 166. What are the prime factors of w?
2, 3
Suppose 5*z = 5*g + 2*z + 26, -3*z - 6 = 3*g. What are the prime factors of -3*g/6 + 2?
2
Let u = -2 + 4. Let k = 0 + 2. Suppose -u*o - k*o = -28. What are the prime factors of o?
7
Let o = 1 - 6. Let m = 7 + o. Suppose -4*i + 23 = -3*i - 3*w, 4*i - m*w - 52 = 0. What are the prime factors of i?
11
Let w = 143 + -83. List the prime factors of w.
2, 3, 5
Suppose 2*b + 2*s = 50, 7*b - 2*s - 111 = 2*b. Let o(n) = -41*n - 1. Let m be o(-1). Suppose -m - b = -3*u. What are the prime factors of u?
3, 7
Let o = -16 - -17. Suppose 9 = 3*x + 3. Let m = o + x. List the prime factors of m.
3
Let t(z) = -16*z**2 + 5*z. Let s be t(2). Let q = s + 91. What are the prime factors of q?
37
Suppose -12 = -3*v - 3. Suppose 0 = -v*t - a - 3*a - 8, -5*t = 4*a. What are the prime factors of t?
2
Let y = 103 - 60. What are the prime factors of y?
43
Suppose -50 = l - 3*l. Suppose l = 5*j, 3*h + 5 = -2*j + 3*j. Suppose 2*r - 29 + 3 = h. List the prime factors of r.
13
Let r = 29 + -12. List the prime factors of r.
17
Let i be 6*2 + 3 + 0. Let p = i + -13. What are the prime factors of p?
2
Suppose -9*v + 738 = -0*v. What are the prime factors 